. What is the tens digit of k?
8
Let d be ((-10)/6)/(35/(-42)). Suppose 3*o = -d*u + 6*u - 1732, 4*u = 4*o + 1732. What is the units digit of u?
3
What is the ten thousands digit of 5/(0 - -1) - -10149?
1
Let l(v) = -5105*v + 1100. What is the ten thousands digit of l(-7)?
3
Let j = -116 - -1117. Let z = j + -667. Suppose 28 = -9*f + z. What is the units digit of f?
4
Let y = 41 + -35. Let w(i) = -11 + 6 + 0 + y + 27*i. What is the tens digit of w(1)?
2
Let u(i) = 131*i**2 - 82*i + 170. What is the ten thousands digit of u(-15)?
3
Let d(a) = a**3 + 6*a**2 + 25*a - 106. Suppose 19 = 11*m - 36. What is the hundreds digit of d(m)?
2
Suppose -27513 = -5*t + 3*x - 5360, -3*x + 13287 = 3*t. Suppose 21*y - 11*y = t. What is the tens digit of y?
4
Suppose 3*c = 4*n - 71 - 56, -5*n = -4*c - 159. Suppose -16 = -3*q - n, 2*o - 312 = 2*q. What is the units digit of o?
1
Suppose 3*v = a + 1381, v + 4*a - 177 = 279. Let n = v - 305. What is the hundreds digit of n?
1
Suppose 3*c - d = 31227, -25*d = -19*d - 18. What is the thousands digit of c?
0
What is the hundreds digit of (-2322)/903*100184/(-6) + -2?
9
Suppose -8*o = -5*o + 14*o - 623305. What is the ten thousands digit of o?
3
Let q(x) = -x**3 + 8*x**2 - 5*x - 9. Let c be q(7). Suppose 0 = -c*a + 23 + 7. Suppose -2*i + a*i = 272. What is the units digit of i?
8
Suppose -2*v = 1 - 21. Suppose 23*m - 21*m - 10 = 0. Suppose q - c - 662 = -4*q, m*c = -v. What is the units digit of q?
2
Let m(o) = 92*o - 192. Let b be m(11). Suppose -8 = 2*p, 2*n - 2*p + 0*p = b. What is the units digit of n?
6
What is the units digit of 4/(-6) + -11 + 237426/63?
7
Let f(z) = 3*z - 11. Let k(n) = 1. Let i(t) = -f(t) + 2*k(t). Let y be i(10). Let m = y + 21. What is the units digit of m?
4
Suppose s - 4*s = 522. Let u = 185 - s. What is the hundreds digit of u?
3
Suppose -512 = -4*v + 2*h - 0*h, 2*v - 236 = -4*h. Suppose -13*w + v = -4*w. Suppose w + 64 = m. What is the units digit of m?
8
Let n = -20419 + 21217. What is the units digit of n?
8
Suppose 18*u - o = 14*u + 473, -3*u - 3*o = -366. What is the tens digit of -180*(-15)/42 - 34/u?
6
Suppose -29*d + 5*d = -56*d + 690912. What is the thousands digit of d?
1
Let w(j) = 5*j**2 + 76*j + 4. Suppose 3*z + 4*p = -3 - 68, 0 = 3*z + 5*p + 76. What is the hundreds digit of w(z)?
1
Suppose 0 = -2*a + 8*a - 18. Suppose -2 = -k, k - 563 = -3*x + 3*k. Suppose -x - 327 = -a*p. What is the units digit of p?
2
Let r(f) = 4*f**3 - 9*f**2 + 19*f + 1. Suppose b - 3*b + 12 = 4*v, -5*v - 15 = -5*b. What is the hundreds digit of r(b)?
1
Let f(u) = 25*u**2 - 20*u - 188. What is the tens digit of f(-14)?
9
Suppose 0 = 6*v - 5*v - 3. Suppose -4*s = v*l - 29, 2 + 3 = s. Suppose 0 = 3*g + l*g - 798. What is the hundreds digit of g?
1
Let y = 36924 + -30002. What is the thousands digit of y?
6
Suppose 20*j - 14*j = 30, 0 = 4*a - j - 35971. What is the tens digit of a?
9
Suppose 5*o - 20 = -4*c - 5, -2*c + 12 = 4*o. Suppose -5 = -a, -7*a - 583 = -o*h - 3*a. What is the units digit of h?
1
Let y(c) = -c**3 - c**2 + 11*c + 1235. What is the hundreds digit of y(0)?
2
Let k = 3 + -3. Suppose -48 = -5*u - 11*v + 9*v, -4*u = 2*v - 40. Suppose 0 = -4*w + u, 0 = -4*x - k*w + 4*w + 36. What is the units digit of x?
1
Suppose 2*r - 4030 = 19*m - 15*m, 10047 = 5*r + 4*m. What is the hundreds digit of r?
0
Let i(x) = 7*x**3 + 6*x**2 + 2*x - 1. Let q be i(-4). Let p = -123 - q. What is the units digit of (1/(-1))/((-2)/p)?
9
Let m be ((-4)/6)/(6/(-45)) - -1. Suppose -750 = m*y - 3402. What is the tens digit of y?
4
Suppose 0 = -w - r + 218, 2*r = -5*w - 14 + 1107. Let k = w - 1. Let y = k - 76. What is the units digit of y?
2
Suppose 0 = -j + 2*c - 10, -2*c + 5 = 4*j - c. Let b(s) = 3*s + 673. Let g be b(j). Suppose g = 11*z - 482. What is the units digit of z?
5
Let n be 452/(((-14)/(-21))/(-1)*3). Let w be 2/(-10) - (-13554)/(-30). Let b = n - w. What is the hundreds digit of b?
2
Let y = -60997 + 91602. What is the tens digit of y?
0
Let b(m) = m**3 - 6*m**2 + 3*m - 14. Let w be b(6). Suppose w*o = -6*o - 100. What is the units digit of (28 + 2)*o/(-4)?
5
Let h = -20 + 24. Suppose -h*i - 8 = -n + i, 17 = 5*n - 2*i. Suppose -n*g + 49 = 4*g. What is the units digit of g?
7
Let t = 495 + -492. Suppose 9 = 2*x + 1, 5*x - 2303 = -t*j. What is the tens digit of j?
6
Let h(r) = -3*r**2 + 31*r + 14. Suppose -947*k = -943*k - 24. What is the tens digit of h(k)?
9
What is the hundreds digit of 19 + 40/(-5) - -55244?
2
Suppose 28*s = -64*s + 22*s. Suppose 410 = -0*w + 5*w. Suppose 2*f + 0*f - 204 = -4*a, f - 2*a - w = s. What is the tens digit of f?
9
Let s(l) = -l + 7. Let n be s(5). Let y be (-1)/(n*2/(-4)). Let o = y + 39. What is the units digit of o?
0
Suppose -27*v + 272326 + 324599 = 36*v. What is the hundreds digit of v?
4
Let q(k) = -340*k - 1415. What is the thousands digit of q(-14)?
3
Let n = 4659 - -37252. What is the ten thousands digit of n?
4
Suppose -c + 18 = -94. Suppose c = 4*f + 88. Suppose 2*n + 118 = 3*z + f*n, 4*z + 5*n = 156. What is the units digit of z?
4
Let i(g) be the first derivative of -g**4/4 - g**3 - 7*g**2/2 - 10*g - 26. Let h be i(-3). Suppose 19*a = h*a + 1560. What is the tens digit of a?
9
Let u(x) = -3*x**2 - 45*x + 3. Let g be u(-9). Let y = 323 - g. What is the hundreds digit of y?
1
Suppose -v = -4*v - 3*p + 77796, -2*v - 4*p = -51860. What is the thousands digit of v?
5
Suppose -32*o + 29*o = 4*v - 124977, 4*o + 156229 = 5*v. What is the ten thousands digit of v?
3
Let x(l) = -72*l + 6460 - 6172 + 4*l. What is the tens digit of x(-14)?
4
Let i(t) = -62 + 74 - 1413*t + 922*t + 83. What is the hundreds digit of i(-2)?
0
Let n be 0/1*(-12)/12. Suppose n = 3*o + 2*x - 107, 2*o + 5*x - 145 = -2*o. Let f = o + -18. What is the units digit of f?
7
Let t(f) be the first derivative of f**4/4 - 4*f**3/3 - f**2/2 + 5*f + 5. Let j be t(4). What is the tens digit of (-54)/36*(-14)/j?
2
Suppose -5*j + o + 24 = -j, 2*j = -o + 6. Suppose 3*h + 4*a = 4*h + 14, j*h - 3*a = 15. Suppose -g - 280 = -h*g. What is the tens digit of g?
5
Suppose 0 = -2*v - 4*z + 8, 2*v + 5*z - 12 = -v. Suppose 14 = -23*b + 83. Suppose s = -v*j - s + 596, -5*j = -b*s - 745. What is the hundreds digit of j?
1
Let p(z) = -z**3 - z**2 + 7*z + 9. Let i be p(-6). Suppose 802*o - 1638 = 796*o. Let f = o - i. What is the units digit of f?
6
Let s(l) be the third derivative of -l**6/120 - l**5/15 - 7*l**4/24 - 2*l**3/3 + 13*l**2. Let v be s(-3). What is the units digit of (112/(-10))/(v/(-80))?
2
Suppose -g = 4*k - 23046, -4*k - 46080 = 13*g - 15*g. What is the units digit of g?
2
Let d(y) = -7*y**2 + 16*y + 1. Let f(x) = 7*x**2 - 15*x - 1. Let q(o) = -3*d(o) - 4*f(o). Let j be q(6). Let n = j - -250. What is the units digit of n?
1
Let y be (2*2/(-4))/(2/(-6)). Suppose 4*l = -y*k - k - 4, -3*k + 1 = 5*l. What is the units digit of 2 + (k - 3)/(-3)?
4
Suppose -12*l = -36768 - 22776. Suppose l = 3*y - 4*u, -3*y - u + 3544 = -1433. What is the tens digit of y?
5
Let h = -13446 - -26346. What is the thousands digit of h?
2
Let w(z) = 199*z - 3345. What is the hundreds digit of w(30)?
6
Let h(c) = -55*c - 328. Let j be h(-6). Suppose -1467 = -j*s - 5*v, v = 6*v + 25. What is the units digit of s?
6
Let d = 613 + 59. Suppose -5*k = k - d. What is the tens digit of k?
1
Suppose 0 = 4*v - 3*n - 2*n + 13, -7 = 3*v - n. What is the units digit of v/(-6)*459*1?
3
Let v(z) = 12*z + 131. Let x be v(-11). What is the units digit of (x/(-1))/(11/(10936 + -2))?
4
What is the ten thousands digit of (11 - (1099005/(-30) - 0)) + 6/4?
3
Suppose 5*j - 24 = -3*x + 3*j, 0 = x + 4*j - 8. Let a be x/(-3)*30/20. What is the hundreds digit of (-206)/4*(16/a - -2)?
1
What is the tens digit of 42*(2/10 - 15/(-50))?
2
Let n = 74005 - 18572. What is the hundreds digit of n?
4
Let y = 11103 - -5998. What is the tens digit of y?
0
Suppose -2*c + 3*w = -5770, -17*c - 14415 = -22*c + 5*w. Suppose -3156 = -17*r + c. What is the hundreds digit of r?
3
Let l(m) = -2*m - 3. Let h be l(6). Let d(a) = -2*a**2 + 9*a - 2. Let o be d(3). Let t = o - h. What is the tens digit of t?
2
Suppose -2*n = 2*n - 3260. Suppose -5*o - 15 = 0, -2*o = -2*l - o - n. Let c = -281 - l. What is the tens digit of c?
2
Let l(a) = -23*a + 264. Let y be l(20). Let g = y + 704. Wh